{"id":2370,"date":"2014-08-14T11:23:55","date_gmt":"2014-08-14T11:23:55","guid":{"rendered":"http:\/\/cain.ulster.ac.uk\/conflicttextiles\/?page_id=2370"},"modified":"2019-08-12T09:08:57","modified_gmt":"2019-08-12T09:08:57","slug":"links","status":"publish","type":"page","link":"https:\/\/cain.ulster.ac.uk\/conflicttextiles\/links\/","title":{"rendered":"Links"},"content":{"rendered":"<p>&nbsp;<\/p>\n<p><strong>Relevant Links<\/strong><\/p>\n<p>The Conflict Textiles website is an updated and revised version of:<br \/>\n<a href=\"http:\/\/cain.ulster.ac.uk\/quilts\" target=\"_blank\">The Art of Survival International and Irish Quilts<\/a>\u00a0(2008-2015)<\/p>\n<p><strong>Frauen In Der Einenwelt \/ the Women\u2019s Museum<br \/>\n<\/strong>Postfach 210421 \u2022 D-90122 \/N\u00fcrnberg, Germany<br \/>\n<a href=\"http:\/\/www.frauenindereinenwelt.de\/\" target=\"_blank\">www.frauenindereinenwelt.de<br \/>\n<\/a>Email: Gaby Franger\u00a0 <a href=\"mailto:gabriele.franger-huhle@hs-coburg.de\">gabriele.franger-huhle@hs-coburg.de<br \/>\n<\/a>(Queries will be responded to in German)<\/p>\n<p><strong>Foro de Arpilleras de Catalu\u00f1a<br \/>\n<\/strong><a href=\"http:\/\/forumarpilleres.blogspot.ie\/\" target=\"_blank\">http:\/\/forumarpilleres.blogspot.ie\/<br \/>\n<\/a><a href=\"http:\/\/blocs.xtec.cat\/arpilleresantpau\/\" target=\"_blank\">http:\/\/blocs.xtec.cat\/arpilleresantpau\/<br \/>\n<\/a>Email: Roser Corbera<strong>\u00a0 <\/strong><a href=\"mailto:roser.corbera@gmail.com\">roser.corbera@gmail.com<br \/>\n<\/a>Pilar L\u00f3pez <a href=\"mailto:pilar@fundacioateneusantroc.org\">pilar@fundacioateneusantroc.org<br \/>\n<\/a>(Queries will be responded to in Spanish and Catalan)<\/p>\n<p style=\"color: #000000;\">Northern Ireland textile artist <strong>Irene Mac William<\/strong> <a href=\"http:\/\/www.irenemacwilliam.co.uk\/\" target=\"_blank\">www.irenemacwilliam.co.uk<br \/>\n<\/a>(Queries will be responded to in English)<\/p>\n<p><strong>La Belleza de la Trama<\/strong> (Beauty Plot)<br \/>\n<a href=\"https:\/\/www.youtube.com\/watch?v=4vVby_KniSM\" target=\"_blank\">https:\/\/www.youtube.com\/watch?v=4vVby_KniSM<br \/>\n<\/a>Contribution by Ursula Holzapfel,\u00a0Artesan\u00edas Choib\u00e1 Group, Quibd\u00f3 diocese, Colombia<\/p>\n<p><strong>Oxford Research Encyclopedias<\/strong><br \/>\nLatin American History &#8211; Digitial Resource: <strong><a title=\"Conflict Textiles article\" href=\"https:\/\/oxfordre.com\/latinamericanhistory\/view\/10.1093\/acrefore\/9780199366439.001.0001\/acrefore-9780199366439-e-796\" target=\"_blank\">Conflict Textiles<\/a><\/strong> by Elsie Doolan<br \/>\nDoolan, Elsie. &#8220;<a href=\"https:\/\/eur03.safelinks.protection.outlook.com\/?url=https%3A%2F%2Foxfordre.com%2Flatinamericanhistory%2Fview%2F10.1093%2Facrefore%2F9780199366439.001.0001%2Facrefore-9780199366439-e-796&amp;data=02%7C01%7Cm.melaugh%40ulster.ac.uk%7C984fb627acf9413af68908d7199f0198%7C6f0b94874fa842a8aeb4bf2e2c22d4e8%7C0%7C1%7C637006043024423384&amp;sdata=sjauySMwrsMsvDdOGZ4AHeOe%2FnS0PxYH%2BTOpqIO9%2Ba4%3D&amp;reserved=0\">Digital Resource:\u00a0<em>Conflict Textiles<\/em><\/a>.&#8221; In\u00a0<em>Oxford Research Encyclopedia of Latin American History<\/em>. Oxford University Press. Article published July 2019. doi:\u00a0<a href=\"https:\/\/eur03.safelinks.protection.outlook.com\/?url=http%3A%2F%2Fdx.doi.org%2F10.1093%2Facrefore%2F9780199366439.013.796&amp;data=02%7C01%7Cm.melaugh%40ulster.ac.uk%7C984fb627acf9413af68908d7199f0198%7C6f0b94874fa842a8aeb4bf2e2c22d4e8%7C0%7C1%7C637006043024433376&amp;sdata=XBXhQ0APgq%2BqD7qnhZlxSfDQM%2FVERmHXjj%2BelLnJsA8%3D&amp;reserved=0\">http:\/\/dx.doi.org\/10.1093\/acrefore\/9780199366439.013.796<\/a><\/p>\n<p style=\"color: #000000;\"><strong><a title=\"Stitched Voices blog\" href=\"http:\/\/stitchedvoices.wordpress.com\/\" target=\"_blank\">Stitched Voices<\/a><\/strong> blog<\/p>\n<p style=\"color: #000000;\"><strong><a title=\"Storycloth Database\" href=\"http:\/\/www.storyclothdatabase.org\/\" target=\"_blank\">Storycloth Database<\/a><\/strong> &#8211; collections of narrative textiles related to human rights issues<\/p>\n<p>&nbsp;<\/p>\n<p style=\"color: #000000;\"><strong>Note:<\/strong> Conflict Textiles \/ CAIN is not responsible for the content of any external websites.<\/p>\n<div id=\"themify_builder_content-2370\" data-postid=\"2370\" class=\"themify_builder_content themify_builder_content-2370 themify_builder\">\n    <\/div>\n<!-- \/themify_builder_content -->","protected":false},"excerpt":{"rendered":"<p>&nbsp; Relevant Links The Conflict Textiles website is an updated and revised version of: The Art of Survival International and Irish Quilts\u00a0(2008-2015) Frauen In Der Einenwelt \/ the Women\u2019s Museum Postfach 210421 \u2022 D-90122 \/N\u00fcrnberg, Germany www.frauenindereinenwelt.de Email: Gaby Franger\u00a0 gabriele.franger-huhle@hs-coburg.de (Queries will be responded to in German) Foro de Arpilleras de Catalu\u00f1a http:\/\/forumarpilleres.blogspot.ie\/ http:\/\/blocs.xtec.cat\/arpilleresantpau\/ [&hellip;]<\/p>\n","protected":false},"author":1,"featured_media":0,"parent":0,"menu_order":0,"comment_status":"closed","ping_status":"closed","template":"","meta":{"footnotes":""},"class_list":["post-2370","page","type-page","status-publish","hentry","has-post-title","has-post-date","has-post-category","has-post-tag","has-post-comment","has-post-author",""],"builder_content":"","_links":{"self":[{"href":"https:\/\/cain.ulster.ac.uk\/conflicttextiles\/wp-json\/wp\/v2\/pages\/2370","targetHints":{"allow":["GET"]}}],"collection":[{"href":"https:\/\/cain.ulster.ac.uk\/conflicttextiles\/wp-json\/wp\/v2\/pages"}],"about":[{"href":"https:\/\/cain.ulster.ac.uk\/conflicttextiles\/wp-json\/wp\/v2\/types\/page"}],"author":[{"embeddable":true,"href":"https:\/\/cain.ulster.ac.uk\/conflicttextiles\/wp-json\/wp\/v2\/users\/1"}],"replies":[{"embeddable":true,"href":"https:\/\/cain.ulster.ac.uk\/conflicttextiles\/wp-json\/wp\/v2\/comments?post=2370"}],"version-history":[{"count":38,"href":"https:\/\/cain.ulster.ac.uk\/conflicttextiles\/wp-json\/wp\/v2\/pages\/2370\/revisions"}],"predecessor-version":[{"id":4726,"href":"https:\/\/cain.ulster.ac.uk\/conflicttextiles\/wp-json\/wp\/v2\/pages\/2370\/revisions\/4726"}],"wp:attachment":[{"href":"https:\/\/cain.ulster.ac.uk\/conflicttextiles\/wp-json\/wp\/v2\/media?parent=2370"}],"curies":[{"name":"wp","href":"https:\/\/api.w.org\/{rel}","templated":true}]}}

<p>&nbsp;</p>
<p><strong>Relevant Links</strong></p>
<p>The Conflict Textiles website is an updated and revised version of:<br />
<a href="http://cain.ulster.ac.uk/quilts" target="_blank">The Art of Survival International and Irish Quilts</a> (2008-2015)</p>
<p><strong>Frauen In Der Einenwelt / the Women’s Museum<br />
</strong>Postfach 210421 • D-90122 /Nürnberg, Germany<br />
<a href="http://www.frauenindereinenwelt.de/" target="_blank">www.frauenindereinenwelt.de<br />
</a>Email: Gaby Franger  <a href="mailto:gabriele.franger-huhle@hs-coburg.de">gabriele.franger-huhle@hs-coburg.de<br />
</a>(Queries will be responded to in German)</p>
<p><strong>Foro de Arpilleras de Cataluña<br />
</strong><a href="http://forumarpilleres.blogspot.ie/" target="_blank">http://forumarpilleres.blogspot.ie/<br />
</a><a href="http://blocs.xtec.cat/arpilleresantpau/" target="_blank">http://blocs.xtec.cat/arpilleresantpau/<br />
</a>Email: Roser Corbera<strong>  </strong><a href="mailto:roser.corbera@gmail.com">roser.corbera@gmail.com<br />
</a>Pilar López <a href="mailto:pilar@fundacioateneusantroc.org">pilar@fundacioateneusantroc.org<br />
</a>(Queries will be responded to in Spanish and Catalan)</p>
<p style="color: #000000;">Northern Ireland textile artist <strong>Irene Mac William</strong> <a href="http://www.irenemacwilliam.co.uk/" target="_blank">www.irenemacwilliam.co.uk<br />
</a>(Queries will be responded to in English)</p>
<p><strong>La Belleza de la Trama</strong> (Beauty Plot)<br />
<a href="https://www.youtube.com/watch?v=4vVby_KniSM" target="_blank">https://www.youtube.com/watch?v=4vVby_KniSM<br />
</a>Contribution by Ursula Holzapfel, Artesanías Choibá Group, Quibdó diocese, Colombia</p>
<p><strong>Oxford Research Encyclopedias</strong><br />
Latin American History &#8211; Digitial Resource: <strong><a title="Conflict Textiles article" href="https://oxfordre.com/latinamericanhistory/view/10.1093/acrefore/9780199366439.001.0001/acrefore-9780199366439-e-796" target="_blank">Conflict Textiles</a></strong> by Elsie Doolan<br />
Doolan, Elsie. &#8220;<a href="https://eur03.safelinks.protection.outlook.com/?url=https%3A%2F%2Foxfordre.com%2Flatinamericanhistory%2Fview%2F10.1093%2Facrefore%2F9780199366439.001.0001%2Facrefore-9780199366439-e-796&amp;data=02%7C01%7Cm.melaugh%40ulster.ac.uk%7C984fb627acf9413af68908d7199f0198%7C6f0b94874fa842a8aeb4bf2e2c22d4e8%7C0%7C1%7C637006043024423384&amp;sdata=sjauySMwrsMsvDdOGZ4AHeOe%2FnS0PxYH%2BTOpqIO9%2Ba4%3D&amp;reserved=0">Digital Resource: <em>Conflict Textiles</em></a>.&#8221; In <em>Oxford Research Encyclopedia of Latin American History</em>. Oxford University Press. Article published July 2019. doi: <a href="https://eur03.safelinks.protection.outlook.com/?url=http%3A%2F%2Fdx.doi.org%2F10.1093%2Facrefore%2F9780199366439.013.796&amp;data=02%7C01%7Cm.melaugh%40ulster.ac.uk%7C984fb627acf9413af68908d7199f0198%7C6f0b94874fa842a8aeb4bf2e2c22d4e8%7C0%7C1%7C637006043024433376&amp;sdata=XBXhQ0APgq%2BqD7qnhZlxSfDQM%2FVERmHXjj%2BelLnJsA8%3D&amp;reserved=0">http://dx.doi.org/10.1093/acrefore/9780199366439.013.796</a></p>
<p style="color: #000000;"><strong><a title="Stitched Voices blog" href="http://stitchedvoices.wordpress.com/" target="_blank">Stitched Voices</a></strong> blog</p>
<p style="color: #000000;"><strong><a title="Storycloth Database" href="http://www.storyclothdatabase.org/" target="_blank">Storycloth Database</a></strong> &#8211; collections of narrative textiles related to human rights issues</p>
<p>&nbsp;</p>
<p style="color: #000000;"><strong>Note:</strong> Conflict Textiles / CAIN is not responsible for the content of any external websites.</p>
<div id="themify_builder_content-2370" data-postid="2370" class="themify_builder_content themify_builder_content-2370 themify_builder">
    </div>
<!-- /themify_builder_content -->

<p>&nbsp; Relevant Links The Conflict Textiles website is an updated and revised version of: The Art of Survival International and Irish Quilts (2008-2015) Frauen In Der Einenwelt / the Women’s Museum Postfach 210421 • D-90122 /Nürnberg, Germany www.frauenindereinenwelt.de Email: Gaby Franger  gabriele.franger-huhle@hs-coburg.de (Queries will be responded to in German) Foro de Arpilleras de Cataluña http://forumarpilleres.blogspot.ie/ http://blocs.xtec.cat/arpilleresantpau/ [&hellip;]</p>
